{"id":39,"date":"2013-09-09T17:33:09","date_gmt":"2013-09-09T17:33:09","guid":{"rendered":"http:\/\/openkurier.com\/?page_id=39"},"modified":"2025-01-16T07:12:14","modified_gmt":"2025-01-16T07:12:14","slug":"kontakt","status":"publish","type":"page","link":"https:\/\/cargoplan.pl\/?page_id=39","title":{"rendered":"kontakt"},"content":{"rendered":"<p>&#x1f4cd;&#x1f4ec;<br \/>CARGOPLAN Sp. z o.o.<br \/>Siedziba:<br \/>ul. Bonifacego 75\/149, 02-936 Warszawa<br \/><span style=\"font-size: revert;\"><br \/>Sp\u00f3\u0142ka wpisana do rejestru przedsi\u0119biorc\u00f3w prowadzonego przez S\u0105d Rejonowy<br \/><\/span><span style=\"font-size: revert;\">dla m. st. Warszawy, XIII Wydzia\u0142 Gospodarczy<br \/><\/span><span style=\"font-size: revert;\">Krajowego Rejestru S\u0105dowego,<br \/><\/span><span style=\"font-size: revert;\">pod numerem KRS:\u00a00000403010<\/span><\/p>\n<p>Rejestr operator\u00f3w pocztowych :\u00a0 B-00432<\/p>\n<p>Numer identyfikacji podatkowej:\u00a0NIP\u00a05213623213<\/p>\n<p>\u00a0Numer statystyczny REGON:\u00a0145894019<\/p>\n\n\n<p>Konto Bankowe:<\/p>\n\n\n\n<p>PKO BP Oddzia\u0142 6 w Warszawie ul.Pu\u0142awska 15, 00-975 Warszawa<br>Numer rachunku:<br>77102010680000170202172211<\/p>\n","protected":false},"excerpt":{"rendered":"<p>&#x1f4cd;&#x1f4ec;CARGOPLAN Sp. z o.o.Siedziba:ul. Bonifacego 75\/149, 02-936 WarszawaSp\u00f3\u0142ka wpisana do rejestru przedsi\u0119biorc\u00f3w prowadzonego przez S\u0105d Rejonowydla m. st. Warszawy, XIII Wydzia\u0142 GospodarczyKrajowego Rejestru S\u0105dowego,pod numerem KRS:\u00a00000403010 Rejestr operator\u00f3w pocztowych :\u00a0 B-00432 Numer identyfikacji podatkowej:\u00a0NIP\u00a05213623213 \u00a0Numer statystyczny REGON:\u00a0145894019 Konto Bankowe: PKO BP Oddzia\u0142 6 w Warszawie ul.Pu\u0142awska 15, 00-975 WarszawaNumer rachunku:77102010680000170202172211<\/p>\n","protected":false},"author":2,"featured_media":0,"parent":0,"menu_order":0,"comment_status":"closed","ping_status":"closed","template":"","meta":{"footnotes":""},"class_list":["post-39","page","type-page","status-publish","czr-hentry"],"_links":{"self":[{"href":"https:\/\/cargoplan.pl\/index.php?rest_route=\/wp\/v2\/pages\/39","targetHints":{"allow":["GET"]}}],"collection":[{"href":"https:\/\/cargoplan.pl\/index.php?rest_route=\/wp\/v2\/pages"}],"about":[{"href":"https:\/\/cargoplan.pl\/index.php?rest_route=\/wp\/v2\/types\/page"}],"author":[{"embeddable":true,"href":"https:\/\/cargoplan.pl\/index.php?rest_route=\/wp\/v2\/users\/2"}],"replies":[{"embeddable":true,"href":"https:\/\/cargoplan.pl\/index.php?rest_route=%2Fwp%2Fv2%2Fcomments&post=39"}],"version-history":[{"count":17,"href":"https:\/\/cargoplan.pl\/index.php?rest_route=\/wp\/v2\/pages\/39\/revisions"}],"predecessor-version":[{"id":578,"href":"https:\/\/cargoplan.pl\/index.php?rest_route=\/wp\/v2\/pages\/39\/revisions\/578"}],"wp:attachment":[{"href":"https:\/\/cargoplan.pl\/index.php?rest_route=%2Fwp%2Fv2%2Fmedia&parent=39"}],"curies":[{"name":"wp","href":"https:\/\/api.w.org\/{rel}","templated":true}]}}